Let n(z) = 26*z + 7. What is n(3)?
85
Let d(u) = 12*u - 360. What is d(30)?
0
Let f(a) = 50*a - 63. Determine f(6).
237
Let z(c) = -3*c**2 - 95*c - 586. Give z(-29).
-354
Let f(i) = -12*i - 520. Give f(-20).
-280
Let h(y) = -y**2 - 1885*y - 5655. Give h(-3).
-9
Let n(d) = -37*d - 350. Determine n(-9).
-17
Let a(c) = -c**2 + 8*c + 130. What is a(14)?
46
Let g(j) = j**2 - 34*j - 25. Give g(34).
-25
Let a(d) = -7978*d + 15955. Give a(2).
-1
Let u(g) = -2*g**3 + 58*g**2 + g - 37. Give u(29).
-8
Let p(l) = -26*l**2 + 129*l - 247. Calculate p(2).
-93
Let q(n) = -3*n**3 + 25*n**2 - 110*n + 37. Calculate q(6).
-371
Let c(p) = 10*p + 523. What is c(-54)?
-17
Let j(q) = 8*q - 240. Give j(34).
32
Let v(j) = 7*j**2 + 2*j - 37. Give v(-6).
203
Let v(c) = -2*c**3 - 4*c**2 - 15*c - 37. Determine v(-4).
87
Let n(m) = 46*m - 112. Give n(-6).
-388
Let m(b) = 2*b**2 + 16*b - 35. Calculate m(2).
5
Let u(z) = 9*z**3 + 50*z**2 - 31*z - 41. Give u(-6).
1
Let b(f) = -201*f + 10202. Determine b(51).
-49
Let c(v) = 4*v**2 - v + 48. Calculate c(-7).
251
Let s(m) = 327*m + 3080. What is s(-10)?
-190
Let i(o) = 29*o + 225. What is i(-6)?
51
Let u(a) = 152*a - 2177. Calculate u(10).
-657
Let p(g) = -238*g + 2354. What is p(10)?
-26
Let f(d) = 3*d**2 + d - 547. Give f(-14).
27
Let y(r) = r**3 - 8*r**2 + 11*r + 18. Determine y(5).
-2
Let u(n) = -7*n**2 - 571*n - 5027. Calculate u(-10).
-17
Let v(z) = -24*z**2 + 240*z + 8. Determine v(10).
8
Let z(g) = 109*g + 507. Calculate z(-5).
-38
Let b(r) = -8*r**3 - 63*r**2 + 84*r + 26. Calculate b(-9).
-1
Let s(q) = -q**2 - 14*q - 60. Give s(-14).
-60
Let h(o) = -4*o**3 - 3*o**2 + 10*o + 5. What is h(-2)?
5
Let a(l) = -l**3 - 29*l**2 + 66*l - 27. Give a(-31).
-151
Let i(o) = o**2 + 9*o - 2140. What is i(-51)?
2
Let q(s) = -s**3 - 86*s**2 + 201*s - 5877. Calculate q(-89).
-3
Let p(h) = 7*h**2 - 225*h - 154. Give p(33).
44
Let q(z) = -171*z - 805. Determine q(-5).
50
Let i(q) = -40*q + 1456. Give i(36).
16
Let o(n) = -224*n + 235. Determine o(1).
11
Let j(n) = -210*n - 9040. Give j(-43).
-10
Let n(w) = 116*w + 3069. Calculate n(-25).
169
Let x(a) = -2*a**3 + 56*a**2 + 15*a - 77. Calculate x(28).
343
Let p(l) = 481*l - 8625. Calculate p(18).
33
Let t(i) = -i**3 + 204*i**2 + 3046*i - 58. Give t(-14).
26
Let j(c) = 2*c**2 + 6*c + 472. What is j(0)?
472
Let t(g) = -94*g + 255. Determine t(-6).
819
Let y(s) = s**2 + 9*s - 825. Give y(25).
25
Let l(f) = -f**2 - 22*f - 84. Determine l(-15).
21
Let u(w) = -2*w**2 - 19*w + 30. Determine u(-13).
-61
Let x(i) = i**3 - 40*i**2 + 72*i + 194. What is x(38)?
42
Let b(z) = 5*z**3 - 77*z**2 + 216*z - 2. What is b(3)?
88
Let f(z) = -z**3 + 11*z**2 + z + 57. Calculate f(9).
228
Let r(j) = j**2 + 179*j - 10627. Give r(-226).
-5
Let z(u) = -2*u**2 + 97*u + 23. What is z(49)?
-26
Let l(g) = -g**3 - 23*g**2 - 18*g + 21. Calculate l(-22).
-67
Let x(l) = -360*l + 3031. Give x(8).
151
Let k(a) = -a**3 + 161*a**2 + 3398*a - 418. Determine k(-19).
0
Let o(k) = 88*k**2 - 48*k - 84. What is o(-2)?
364
Let s(g) = 79*g**2 - 175*g + 40. Give s(2).
6
Let k(x) = 2*x**3 - 591*x**2 + 294*x + 291. Determine k(295).
-4
Let g(t) = -t**3 - 213*t**2 - 1439*t + 636. Give g(-206).
18
Let l(i) = 3*i**2 - 129*i - 504. Give l(50).
546
Let m(k) = k**2 - 65*k - 82. Determine m(0).
-82
Let x(d) = -108*d - 3674. Give x(-34).
-2
Let h(j) = -j**2 + 68*j + 213. Determine h(68).
213
Let o(m) = -m**2 + 37*m + 68. What is o(38)?
30
Let f(s) = 8717*s + 122039. What is f(-14)?
1
Let s(y) = -14*y**2 - 301*y + 224. Give s(-22).
70
Let b(l) = -114*l - 9875. Give b(-87).
43
Let q(o) = 6*o**2 - 64*o + 134. Calculate q(6).
-34
Let b(o) = -o**3 - 21*o**2 + 51*o + 115. What is b(-23)?
0
Let b(u) = 3129*u - 6261. Determine b(2).
-3
Let l(r) = -23*r - 305. Determine l(-30).
385
Let w(l) = l**3 + 23*l**2 + 24*l - 47. What is w(-21)?
331
Let v(p) = 544*p + 2187. Give v(-4).
11
Let u(c) = -24*c + 1006. Give u(37).
118
Let s(p) = -p**2 + 292*p - 288. Calculate s(1).
3
Let m(b) = 2*b**2 - 220*b + 438. What is m(2)?
6
Let g(i) = -3*i**2 - 3*i - 6. Give g(-2).
-12
Let l(j) = j**3 - 2*j**2 - 14*j - 4. Determine l(-4).
-44
Let t(q) = q**2 - 13*q - 18. Give t(-5).
72
Let j(v) = -v**3 - 15*v**2 - 37*v + 8. Determine j(-4).
-20
Let d(f) = -2*f**3 - f**2 + 9*f + 14. What is d(-5)?
194
Let f(h) = 14*h**2 - 8*h - 17. What is f(-7)?
725
Let i(l) = -82*l**2 - 578*l - 15. Determine i(-7).
13
Let c(d) = -3*d - 34. Calculate c(-15).
11
Let f(p) = -18*p + 892. Determine f(25).
442
Let o(n) = -362*n + 3266. Give o(9).
8
Let b(g) = -2*g**2 + 26*g - 74. Determine b(11).
-30
Let f(m) = -2*m**3 + 27*m**2 - 94*m - 4. Give f(6).
-28
Let g(n) = n**3 + 12*n**2 + 22*n + 724. Give g(-14).
24
Let d(m) = -5*m**2 - 22*m + 47. What is d(0)?
47
Let x(n) = n**2 - 196*n + 2408. Determine x(13).
29
Let f(y) = -y**3 - 46*y**2 + 42*y + 76. Calculate f(-47).
311
Let g(h) = -5*h**2 - 93*h + 100. Determine g(-17).
236
Let d(t) = -5*t**2 - 196*t - 35. What is d(-39)?
4
Let q(v) = -20*v - 52. Determine q(12).
-292
Let h(s) = -s**2 - 132*s - 2323. What is h(-25)?
352
Let w(m) = -6*m**2 + 49*m + 86. Determine w(10).
-24
Let o(h) = -562*h + 2950. Give o(5).
140
Let w(a) = 143*a + 1932. Calculate w(-14).
-70
Let w(b) = -b**2 - 54*b + 406. Determine w(-61).
-21
Let l(u) = -u**2 - 23*u - 86. What is l(-18)?
4
Let b(i) = -21*i**2 - 277*i - 46. Calculate b(-13).
6
Let o(t) = t**3 - 11*t**2 + 2*t + 31. Give o(0).
31
Let w(a) = -a**2 + 512*a + 9495. What is w(-18)?
-45
Let d(p) = p**3 - 2*p**2 - 99. What is d(0)?
-99
Let n(z) = 12*z**2 - 102*z - 210. Give n(10).
-30
Let m(y) = -5*y**2 - 125*y + 69. Give m(-29).
-511
Let l(b) = -470*b - 91649. Give l(-195).
1
Let q(t) = 5*t**2 - 8*t + 41. What is q(7)?
230
Let r(y) = -y**3 - 64*y**2 + 68*y + 24. Calculate r(-65).
-171
Let n(s) = 11*s**3 - 110*s**2 + 9*s - 88. Give n(10).
2
Let a(q) = -37*q - 73. What is a(-3)?
38
Let c(k) = -k**2 + 10*k + 26. Calculate c(14).
-30
Let q(i) = i**3 - 24*i**2 - 30*i - 15. What is q(25)?
-140
Let i(m) = -m**3 + 2*m**2 - 45*m + 98. Calculate i(2).
8
Let n(o) = -82*o + 18. What is n(0)?
18
Let x(c) = -c**2 + 45*c + 97. Give x(46).
51
Let c(n) = n**3 + 72*n**2 + 76*n + 234. Calculate c(-71).
-121
Let f(l) = l**3 + 81*l**2 - 4*l - 313. Give f(-81).
11
Let v(g) = 3*g**3 - 214*g**2 - 131*g - 932. Determine v(72).
4
Let y(s) = -638*s - 12112. What is y(-19)?
10
Let y(v) = -v**3 - 21*v**2 + 91*v + 1470. Calculate y(-22).
-48
Let h(z) = -4*z**2 + 198*z - 81. Determine h(49).
17
Let q(h) = 7*h**3 - h**2 - 108*h + 109. Give q(1).
7
Let n(q) = -q**2 - 16*q + 701. Give n(-41).
-324
Let b(q) = 22*q**3 + 195*q**2 - 24*q + 35. Determine b(-9).
8
Let k(z) = -z**2 - 2*z + 17. What is k(7)?
-46
Let b(o) = -15*o - 265. Give b(-29).
170
Let q(y) = -y**3 - 2*y**2 + 17*y + 18. What is q(-7)?
144
Let u(k) = -k**3 + 16*k**2 - 31*k - 13. Determine u(7).
211
Let x(j) = 774*j - 2345. Give x(3).
-23
Let x(t) = -23*t + 693. Give x(18).
279
Let t(d) = 58*d - 183. What is t(17)?
803
Let z(v) = -v**3 + 12*v**2 + 20*v - 40. Determine z(9).
383
Let v(y) = 2*y**3 - 47*y**2 - 25*y + 23. Give v(24).
-1
Let b(q) = -q**3 - 4*q**2 + q - 19. Calculate b(-4).
-23
Let n(g) = -139*g**3 - g**2 + 11*g - 10. Give n(1).
-139
Let v(b) = 5*b**2 + 64*b - 15. What is v(-13)?
-2
Let f(g) = -g**2 + 21*g - 46. Give f(17).
22
Let v(q) = q**3 - 3*q**2 - 6*q + 9. Determine v(4).
1
Let g(j) = 18*j + 86. Calculate g(-5).
-4
Let c(o) = -o**3 - 10*o**2 - 257*o - 2221. Determine c(-9).
11
Let h(g) = g**2 + 599*g + 30415. What is h(-56)?
7
Let p(v) = 659*v - 7200. Give p(11).
49
Let g(b) = b**3 + 6*b**2 + 9*b + 14. Determine g(-2).
12
Let z(m) = 353*m + 7094. Give z(-20).
34
Let x(k) = -k**3 + 30*k**2 - 3*k + 45. Determine x(30).
-45
Let w(t) = 76*t - 578. What is w(9)?
106
Let m(d) = d**2 + d - 61. Give m(0).
-61
Let g(x) = 19*x**3 + 17*x**2 + 53*x + 6. Calculate g(-3).
-513
Let b(j) = 3*j**2 + 157*j - 3194. Calculate b(-68).
2
Let k(t) = t**2 + 103*t + 2056. Determine k(-76).
4
Let f(m) = 11*m**2 + 77*m - 295. Determine f(4).
189
Let l(d) = 5907*d - 41342. What is l(7)?
7
Let k(l) = -139*l**2 - 75*l - 76. What is k(-1)?
-140
Let x(c) = 36*c + 61. Give x(-4).
-83
Let l(b) = 63*b + 1140. Calculate l(-19).
-57
Let r(m) = -23*m**2 - 1309*m + 108. Give r(-57).
-6
Let m(j) = 13*j + 512. What is 